{"id":14,"date":"2016-01-04T13:10:36","date_gmt":"2016-01-04T13:10:36","guid":{"rendered":"http:\/\/bechterew-gruppe-regensburg.de\/?page_id=14"},"modified":"2016-01-05T08:43:54","modified_gmt":"2016-01-05T08:43:54","slug":"trockengymnastik-und-volleyball","status":"publish","type":"page","link":"https:\/\/bechterew-gruppe-regensburg.de\/?page_id=14","title":{"rendered":"Trockengymnastik und Volleyball"},"content":{"rendered":"<p>W\u00e4hrend der Schulzeit treffen wir uns jeden Donnerstag von 19:00 bis 21:00 Uhr in der Turnhalle des Von-M\u00fcller-Gymnasiums in 93051 \u00a0Regensburg,\u00a0Erzbischof-Buchberger-Allee 23.<\/p>\n<p>Dort ist um ca. 18:45 Uhr Treffpunkt.<\/p>\n<p><strong>Die Turnhalle ist mit \u00d6PNV Linie\u00a0\u00a04, Linie 8, und Linie10\u00a0des RVV\u00a0Haltestelle &#8222;Klenzestrasse&#8220;\u00a0 erreichbar.<\/strong><\/p>\n<p><a href=\"http:\/\/bechterew-gruppe-regensburg.de\/wp-content\/uploads\/2016\/01\/Bild_020.jpg\" rel=\"attachment wp-att-53\"><img decoding=\"async\" loading=\"lazy\" class=\"alignnone size-medium wp-image-53\" src=\"http:\/\/bechterew-gruppe-regensburg.de\/wp-content\/uploads\/2016\/01\/Bild_020-300x225.jpg\" alt=\"Bild_020\" width=\"300\" height=\"225\" srcset=\"https:\/\/bechterew-gruppe-regensburg.de\/wp-content\/uploads\/2016\/01\/Bild_020-300x225.jpg 300w, https:\/\/bechterew-gruppe-regensburg.de\/wp-content\/uploads\/2016\/01\/Bild_020-768x576.jpg 768w, https:\/\/bechterew-gruppe-regensburg.de\/wp-content\/uploads\/2016\/01\/Bild_020-1024x768.jpg 1024w, https:\/\/bechterew-gruppe-regensburg.de\/wp-content\/uploads\/2016\/01\/Bild_020-660x495.jpg 660w, https:\/\/bechterew-gruppe-regensburg.de\/wp-content\/uploads\/2016\/01\/Bild_020.jpg 2048w\" sizes=\"(max-width: 300px) 100vw, 300px\" \/><\/a>\u00a0<a href=\"http:\/\/bechterew-gruppe-regensburg.de\/wp-content\/uploads\/2016\/01\/Bild_021.jpg\" rel=\"attachment wp-att-54\"><img decoding=\"async\" loading=\"lazy\" class=\"alignnone size-medium wp-image-54\" src=\"http:\/\/bechterew-gruppe-regensburg.de\/wp-content\/uploads\/2016\/01\/Bild_021-300x225.jpg\" alt=\"Bild_021\" width=\"300\" height=\"225\" srcset=\"https:\/\/bechterew-gruppe-regensburg.de\/wp-content\/uploads\/2016\/01\/Bild_021-300x225.jpg 300w, https:\/\/bechterew-gruppe-regensburg.de\/wp-content\/uploads\/2016\/01\/Bild_021-768x576.jpg 768w, https:\/\/bechterew-gruppe-regensburg.de\/wp-content\/uploads\/2016\/01\/Bild_021-1024x768.jpg 1024w, https:\/\/bechterew-gruppe-regensburg.de\/wp-content\/uploads\/2016\/01\/Bild_021-660x495.jpg 660w, https:\/\/bechterew-gruppe-regensburg.de\/wp-content\/uploads\/2016\/01\/Bild_021.jpg 2048w\" sizes=\"(max-width: 300px) 100vw, 300px\" \/><\/a><\/p>\n<p>Nach der bechterew spezifischen Trockengymnastik, die von einer eigens f\u00fcr das Krankheitsbild &#8222;Morbus Bechterew&#8220; geschulten Physiotherapeutin, Susanne Kalz-Schmidbauer, geleitet wird, trainieren und spielen wir auch Volleyball.<\/p>\n<p><a href=\"http:\/\/bechterew-gruppe-regensburg.de\/wp-content\/uploads\/2016\/01\/Bild_024.jpg\" rel=\"attachment wp-att-55\"><img decoding=\"async\" loading=\"lazy\" class=\"alignnone size-medium wp-image-55\" src=\"http:\/\/bechterew-gruppe-regensburg.de\/wp-content\/uploads\/2016\/01\/Bild_024-300x225.jpg\" alt=\"Bild_024\" width=\"300\" height=\"225\" srcset=\"https:\/\/bechterew-gruppe-regensburg.de\/wp-content\/uploads\/2016\/01\/Bild_024-300x225.jpg 300w, https:\/\/bechterew-gruppe-regensburg.de\/wp-content\/uploads\/2016\/01\/Bild_024-768x576.jpg 768w, https:\/\/bechterew-gruppe-regensburg.de\/wp-content\/uploads\/2016\/01\/Bild_024-1024x768.jpg 1024w, https:\/\/bechterew-gruppe-regensburg.de\/wp-content\/uploads\/2016\/01\/Bild_024-660x495.jpg 660w, https:\/\/bechterew-gruppe-regensburg.de\/wp-content\/uploads\/2016\/01\/Bild_024.jpg 2048w\" sizes=\"(max-width: 300px) 100vw, 300px\" \/><\/a>\u00a0<a href=\"http:\/\/bechterew-gruppe-regensburg.de\/wp-content\/uploads\/2016\/01\/Bild_025.jpg\" rel=\"attachment wp-att-56\"><img decoding=\"async\" loading=\"lazy\" class=\"alignnone size-medium wp-image-56\" src=\"http:\/\/bechterew-gruppe-regensburg.de\/wp-content\/uploads\/2016\/01\/Bild_025-300x225.jpg\" alt=\"Bild_025\" width=\"300\" height=\"225\" srcset=\"https:\/\/bechterew-gruppe-regensburg.de\/wp-content\/uploads\/2016\/01\/Bild_025-300x225.jpg 300w, https:\/\/bechterew-gruppe-regensburg.de\/wp-content\/uploads\/2016\/01\/Bild_025-768x576.jpg 768w, https:\/\/bechterew-gruppe-regensburg.de\/wp-content\/uploads\/2016\/01\/Bild_025-1024x768.jpg 1024w, https:\/\/bechterew-gruppe-regensburg.de\/wp-content\/uploads\/2016\/01\/Bild_025-660x495.jpg 660w, https:\/\/bechterew-gruppe-regensburg.de\/wp-content\/uploads\/2016\/01\/Bild_025.jpg 2048w\" sizes=\"(max-width: 300px) 100vw, 300px\" \/><\/a><\/p>\n<p><strong>An dem vom Landesverband Bayern organisiertem Bayerischen Volleyballturnier nehmen wir jedes Jahr teil. Au\u00dferdem laden wir am letzten Wochenende vor den Sommerferien zu einem &#8222;Vier-St\u00e4dte-Turnier&#8220; die Gruppen aus Ingolstadt und Straubing ein. Dabei wird ein Wanderpokal ausgespielt.\u00a0\u00a0<\/strong><\/p>\n<p>Das Bayerische Volleyballturnier 2013 fand am 27.April\u00a0in W\u00fcrzburg statt.\u00a0Bericht hierzu unter der neuen Rubrik:<strong> &#8211;<\/strong> <strong>Berichte Veranstaltungen &#8211;<\/strong><\/p>\n<p>Das 4 &#8211; St\u00e4dte \u2013 Turnier findet j\u00e4hrlich\u00a0 in Regensburg statt. Wir haben uns 2011 auf das zweite Wochenende im Juli geeinigt.<\/p>\n<p>Im Jahr 2014\u00a0 treffen wir uns am 05. Juli\u00a0 in der Turnhalle Pr\u00fcfeninger Stra\u00dfe. Mu\u00dfte leider aus Termingr\u00fcnden ge\u00e4ndert werden.<\/span><span style=\"font-size: medium;\"><\/p>\n<p><a href=\"http:\/\/bechterew-gruppe-regensburg.de\/wp-content\/uploads\/2016\/01\/DSC_7641.jpg\" rel=\"attachment wp-att-59\"><img decoding=\"async\" loading=\"lazy\" class=\"alignnone size-medium wp-image-59\" src=\"http:\/\/bechterew-gruppe-regensburg.de\/wp-content\/uploads\/2016\/01\/DSC_7641-300x199.jpg\" alt=\"DSC_7641\" width=\"300\" height=\"199\" srcset=\"https:\/\/bechterew-gruppe-regensburg.de\/wp-content\/uploads\/2016\/01\/DSC_7641-300x199.jpg 300w, https:\/\/bechterew-gruppe-regensburg.de\/wp-content\/uploads\/2016\/01\/DSC_7641-768x510.jpg 768w, https:\/\/bechterew-gruppe-regensburg.de\/wp-content\/uploads\/2016\/01\/DSC_7641-1024x680.jpg 1024w, https:\/\/bechterew-gruppe-regensburg.de\/wp-content\/uploads\/2016\/01\/DSC_7641-660x438.jpg 660w\" sizes=\"(max-width: 300px) 100vw, 300px\" \/><\/a>\u00a0<a href=\"http:\/\/bechterew-gruppe-regensburg.de\/wp-content\/uploads\/2016\/01\/DSC_7631.jpg\" rel=\"attachment wp-att-57\"><img decoding=\"async\" loading=\"lazy\" class=\"alignnone size-medium wp-image-57\" src=\"http:\/\/bechterew-gruppe-regensburg.de\/wp-content\/uploads\/2016\/01\/DSC_7631-300x199.jpg\" alt=\"DSC_7631\" width=\"300\" height=\"199\" srcset=\"https:\/\/bechterew-gruppe-regensburg.de\/wp-content\/uploads\/2016\/01\/DSC_7631-300x199.jpg 300w, https:\/\/bechterew-gruppe-regensburg.de\/wp-content\/uploads\/2016\/01\/DSC_7631-768x510.jpg 768w, https:\/\/bechterew-gruppe-regensburg.de\/wp-content\/uploads\/2016\/01\/DSC_7631-1024x680.jpg 1024w, https:\/\/bechterew-gruppe-regensburg.de\/wp-content\/uploads\/2016\/01\/DSC_7631-660x438.jpg 660w\" sizes=\"(max-width: 300px) 100vw, 300px\" \/><\/a><\/p>\n","protected":false},"excerpt":{"rendered":"<p>W\u00e4hrend der Schulzeit treffen wir uns jeden Donnerstag von 19:00 bis 21:00 Uhr in der Turnhalle des Von-M\u00fcller-Gymnasiums in 93051 \u00a0Regensburg,\u00a0Erzbischof-Buchberger-Allee 23. Dort ist um ca. 18:45 Uhr Treffpunkt. Die Turnhalle ist mit \u00d6PNV Linie\u00a0\u00a04, Linie 8, und Linie10\u00a0des RVV\u00a0Haltestelle &#8222;Klenzestrasse&#8220;\u00a0 erreichbar. \u00a0 Nach der bechterew spezifischen Trockengymnastik, die von einer eigens f\u00fcr das Krankheitsbild\u2026 <span class=\"read-more\"><a href=\"https:\/\/bechterew-gruppe-regensburg.de\/?page_id=14\">Weiterlesen &raquo;<\/a><\/span><\/p>\n","protected":false},"author":1,"featured_media":0,"parent":0,"menu_order":0,"comment_status":"closed","ping_status":"closed","template":"","meta":[],"_links":{"self":[{"href":"https:\/\/bechterew-gruppe-regensburg.de\/index.php?rest_route=\/wp\/v2\/pages\/14"}],"collection":[{"href":"https:\/\/bechterew-gruppe-regensburg.de\/index.php?rest_route=\/wp\/v2\/pages"}],"about":[{"href":"https:\/\/bechterew-gruppe-regensburg.de\/index.php?rest_route=\/wp\/v2\/types\/page"}],"author":[{"embeddable":true,"href":"https:\/\/bechterew-gruppe-regensburg.de\/index.php?rest_route=\/wp\/v2\/users\/1"}],"replies":[{"embeddable":true,"href":"https:\/\/bechterew-gruppe-regensburg.de\/index.php?rest_route=%2Fwp%2Fv2%2Fcomments&post=14"}],"version-history":[{"count":6,"href":"https:\/\/bechterew-gruppe-regensburg.de\/index.php?rest_route=\/wp\/v2\/pages\/14\/revisions"}],"predecessor-version":[{"id":121,"href":"https:\/\/bechterew-gruppe-regensburg.de\/index.php?rest_route=\/wp\/v2\/pages\/14\/revisions\/121"}],"wp:attachment":[{"href":"https:\/\/bechterew-gruppe-regensburg.de\/index.php?rest_route=%2Fwp%2Fv2%2Fmedia&parent=14"}],"curies":[{"name":"wp","href":"https:\/\/api.w.org\/{rel}","templated":true}]}}