{"id":22,"date":"2016-01-04T13:12:12","date_gmt":"2016-01-04T13:12:12","guid":{"rendered":"http:\/\/bechterew-gruppe-regensburg.de\/?page_id=22"},"modified":"2016-04-03T17:53:24","modified_gmt":"2016-04-03T17:53:24","slug":"berichte-zu-veranstaltungen","status":"publish","type":"page","link":"https:\/\/bechterew-gruppe-regensburg.de\/?page_id=22","title":{"rendered":"Berichte zu Veranstaltungen"},"content":{"rendered":"<p><b><u>Bericht zum Bayrischen Volleyballturnier der Bechtis am 27.04. u. 28.04.2013\u00a0 in W\u00fcrzburg<\/u><\/b><\/p>\n<p>Am Samstag den 27.04.2013 startete die Gruppe Regensburg, mit 3 vollbepackten Autos, um 5:45 Uhr unseren Weg zum Volleyballturnier nach W\u00fcrzburg.<\/p>\n<p>Die Gruppe W\u00fcrzburg lud zu diesem Event auch die Nachbarst\u00e4tte Kaiserslautern, Wiesbaden und Mainz ein.<br \/>\nDas sch\u00f6ne Wetter verlies uns in N\u00fcrnberg. Eine Pause kurz vor dem Ziel g\u00f6nnten wir uns aber. Im starken Regen kamen wir kurz nach 8:00 Uhr an. Wir hatten noch viel Zeit zum Fr\u00fchst\u00fccken und etwas Konversation mit anderen Gruppenmitglieder. Das Klima war sehr gut.<br \/>\nUnsere Mannschaft zog sich um und machte sich warm.<\/p>\n<p>Um 9:15 Uhr startete das Programm mit gemeinsamen Aufw\u00e4rmen. Die Gruppe W\u00fcrzburg zog mit Ihrer guten Laune alle mit sich. Von der Trib\u00fcne war das sch\u00f6n anzusehen :-).<\/p>\n<p>Alle Mannschaften spielten gegeneinander. Jedes Spiel dauerte 10 Minuten.<\/p>\n<p>Von 12:30 Uhr bis 13:15 Uhr war Mittagspause und die Gruppe W\u00fcrzburg verw\u00f6hnte uns mit hei\u00dfen W\u00fcrstchen und belegten Semmeln. Die Stimmung war sehr gut.<\/p>\n<p>Nach der Pause hatten wir noch ein Spiel Pause, bis wir wieder ins Geschehen eingreifen durften. Alle gaben das Beste und wurden von uns lautstark angefeuert. Manchmal brachte es etwas, manchmal auch nicht. Egal, der Spa\u00df und keinerlei Verletzungen am Spiel, war es auf jeden Fall wert.<\/p>\n<p>Gegen 15:00 stand fest, dass wir den 10ten und letzten Platz belegt hatten. Auch das war egal. Wir stie\u00dfen, mit dem von uns mitgebrachen Sekt, an und feierten den tollen Tag.<\/p>\n<p>Gemeinsam tranken wir noch Kaffee und a\u00dfen von dem tollen Kuchenbuffet, dass W\u00fcrzburg aufgebaut hatten.<\/p>\n<p>Unsere Spielen zogen sich um und fuhren leider wieder nach Hause.<\/p>\n<p>Hannelore und ich blieben noch bis zum Ende der Veranstaltung und sahen noch tolle Endspiele.<\/p>\n<p>Nat\u00fcrlich machte die Gruppe W\u00fcrzburg 1 das Rennen. Auch \u00fcber den Erfolg von Bamberg und W\u00fcrzburg 2 freuten wir uns sehr.<\/p>\n<p>Hannelore und ich verlie\u00dfen das Spektakel und suchten unser \u201eHotel\u201c auf.\u00a0 Nach etwas ausruhen und umgezogen machten wir uns auf den Weg zur Abendveranstaltung den W\u00fcrzburg organisierte.<\/p>\n<p>Es war ein sch\u00f6ner Abend und das Essen war echt lecker.<br \/>\nDie Organisatoren nahmen die Siegerehrung vor. Ganz klar war, dass ich beim Rauchen war, als Regensburg geehrt wurde. Hannelore aber rockte das Ding auch alleine :-).<\/p>\n<p>Am n\u00e4chsten Morgen ging es zur Stadtf\u00fchrung. Das Wetter war nicht der Hit aber es kam nichts nasses von oben.<\/p>\n<p>Die F\u00fchrung war ok.\u00a0 Leider konnten wir den Dom wegen des Gottesdienstes nicht besichtigen. Wir schlenderten bis 11:30 Uhr durch W\u00fcrzburg.<\/p>\n<p>So sch\u00f6n das Wochenende war, leider mu\u00dften wir uns nach einem kleinen Mittagessen die Heimreise antreten.<\/p>\n<p><strong><u>Hier ist noch Platz f\u00fcr das Ergebnis des Volleyballturnier:<\/u><\/strong><\/p>\n<p>1. Platz\u00a0\u00a0 W\u00fcrzburg I<\/p>\n<p>2. Platz Bamberg<\/p>\n<p>3. Platz Ingolstadt<\/p>\n<p>4. Platz W\u00fcrzburg II<\/p>\n<p>5. Platz Traunstein<\/p>\n<p>6. Platz Kaiserslautern<\/p>\n<p>7. Platz Mainz<\/p>\n<p>8. Platz Wiesbaden<\/p>\n<p>9. Platz Straubing<\/p>\n<p>10. Platz Regensburg<\/p>\n<p>Nat\u00fcrlich darf ich es nicht vers\u00e4umen mich bei allen aktiven Gruppenmitglieder, Fahrer und Begleitern, ganz herzlich f\u00fcr Eure Unterst\u00fctzung, und dem tollen Ergebnis des Turnier, zu bedanken.<\/p>\n<p>N\u00e4chstes Jahr geht es in Straubing weiter und heute schon versprochen \u2013 wir feuern Euch nat\u00fcrlich, wieder mit allem was wir haben, an.<\/p>\n<p>Eure Renate<\/p>\n<p>(Stellvert. Gruppenleiterin)<\/p>\n<p>&nbsp;<\/p>\n","protected":false},"excerpt":{"rendered":"<p>Bericht zum Bayrischen Volleyballturnier der Bechtis am 27.04. u. 28.04.2013\u00a0 in W\u00fcrzburg Am Samstag den 27.04.2013 startete die Gruppe Regensburg, mit 3 vollbepackten Autos, um 5:45 Uhr unseren Weg zum Volleyballturnier nach W\u00fcrzburg. Die Gruppe W\u00fcrzburg lud zu diesem Event auch die Nachbarst\u00e4tte Kaiserslautern, Wiesbaden und Mainz ein. Das sch\u00f6ne Wetter verlies uns in N\u00fcrnberg.\u2026 <span class=\"read-more\"><a href=\"https:\/\/bechterew-gruppe-regensburg.de\/?page_id=22\">Weiterlesen &raquo;<\/a><\/span><\/p>\n","protected":false},"author":1,"featured_media":0,"parent":0,"menu_order":0,"comment_status":"closed","ping_status":"closed","template":"","meta":[],"_links":{"self":[{"href":"https:\/\/bechterew-gruppe-regensburg.de\/index.php?rest_route=\/wp\/v2\/pages\/22"}],"collection":[{"href":"https:\/\/bechterew-gruppe-regensburg.de\/index.php?rest_route=\/wp\/v2\/pages"}],"about":[{"href":"https:\/\/bechterew-gruppe-regensburg.de\/index.php?rest_route=\/wp\/v2\/types\/page"}],"author":[{"embeddable":true,"href":"https:\/\/bechterew-gruppe-regensburg.de\/index.php?rest_route=\/wp\/v2\/users\/1"}],"replies":[{"embeddable":true,"href":"https:\/\/bechterew-gruppe-regensburg.de\/index.php?rest_route=%2Fwp%2Fv2%2Fcomments&post=22"}],"version-history":[{"count":3,"href":"https:\/\/bechterew-gruppe-regensburg.de\/index.php?rest_route=\/wp\/v2\/pages\/22\/revisions"}],"predecessor-version":[{"id":105,"href":"https:\/\/bechterew-gruppe-regensburg.de\/index.php?rest_route=\/wp\/v2\/pages\/22\/revisions\/105"}],"wp:attachment":[{"href":"https:\/\/bechterew-gruppe-regensburg.de\/index.php?rest_route=%2Fwp%2Fv2%2Fmedia&parent=22"}],"curies":[{"name":"wp","href":"https:\/\/api.w.org\/{rel}","templated":true}]}}