{"id":28,"date":"2016-01-04T13:13:11","date_gmt":"2016-01-04T13:13:11","guid":{"rendered":"http:\/\/bechterew-gruppe-regensburg.de\/?page_id=28"},"modified":"2016-04-03T13:20:17","modified_gmt":"2016-04-03T13:20:17","slug":"impressum","status":"publish","type":"page","link":"https:\/\/bechterew-gruppe-regensburg.de\/?page_id=28","title":{"rendered":"Impressum"},"content":{"rendered":"<p>bechterew-gruppe-regensburg<br \/>\ngruppensprecherin: hannelore weitbrecht<br \/>\ndolomitenstra\u00dfe 4<br \/>\n93057 regensburg<\/p>\n<p>Haftungsausschlu\u00df:<br \/>\nDie Seiten wurden nach bestem Wissen und Gewissen erstellt. F\u00fcr die Inhalte von Seiten, auf die hier verwiesen wird, \u00fcbernehmen wir keine Haftung. Die in dieser Webseite verwendeten Bilder stammen von den Herren Matschi, Mulzer Fr. Sch\u00f6nberger und Weitbrecht. Sollte sich Material darunter befinden, auf das ein Dritter Rechte hat, so m\u00f6ge er sich umgehend melden.<\/p>\n<p>email: <a>hannelore.weitbrecht@t-online.de<\/a><\/p>\n","protected":false},"excerpt":{"rendered":"<p>bechterew-gruppe-regensburg gruppensprecherin: hannelore weitbrecht dolomitenstra\u00dfe 4 93057 regensburg Haftungsausschlu\u00df: Die Seiten wurden nach bestem Wissen und Gewissen erstellt. F\u00fcr die Inhalte von Seiten, auf die hier verwiesen wird, \u00fcbernehmen wir keine Haftung. Die in dieser Webseite verwendeten Bilder stammen von den Herren Matschi, Mulzer Fr. Sch\u00f6nberger und Weitbrecht. Sollte sich Material darunter befinden, auf das\u2026 <span class=\"read-more\"><a href=\"https:\/\/bechterew-gruppe-regensburg.de\/?page_id=28\">Weiterlesen &raquo;<\/a><\/span><\/p>\n","protected":false},"author":1,"featured_media":0,"parent":0,"menu_order":0,"comment_status":"closed","ping_status":"closed","template":"","meta":[],"_links":{"self":[{"href":"https:\/\/bechterew-gruppe-regensburg.de\/index.php?rest_route=\/wp\/v2\/pages\/28"}],"collection":[{"href":"https:\/\/bechterew-gruppe-regensburg.de\/index.php?rest_route=\/wp\/v2\/pages"}],"about":[{"href":"https:\/\/bechterew-gruppe-regensburg.de\/index.php?rest_route=\/wp\/v2\/types\/page"}],"author":[{"embeddable":true,"href":"https:\/\/bechterew-gruppe-regensburg.de\/index.php?rest_route=\/wp\/v2\/users\/1"}],"replies":[{"embeddable":true,"href":"https:\/\/bechterew-gruppe-regensburg.de\/index.php?rest_route=%2Fwp%2Fv2%2Fcomments&post=28"}],"version-history":[{"count":4,"href":"https:\/\/bechterew-gruppe-regensburg.de\/index.php?rest_route=\/wp\/v2\/pages\/28\/revisions"}],"predecessor-version":[{"id":98,"href":"https:\/\/bechterew-gruppe-regensburg.de\/index.php?rest_route=\/wp\/v2\/pages\/28\/revisions\/98"}],"wp:attachment":[{"href":"https:\/\/bechterew-gruppe-regensburg.de\/index.php?rest_route=%2Fwp%2Fv2%2Fmedia&parent=28"}],"curies":[{"name":"wp","href":"https:\/\/api.w.org\/{rel}","templated":true}]}}